he units digit of s?
8
Let v be (-69357)/(-30) + (-13)/(-130). What is the tens digit of v/(11 - 7) + 8?
8
Let y(p) = p**2 - 5*p - 19. Let i be y(8). Let q be (26/(-8))/(2/(-8)). Suppose s - 74 - q = 4*d, -i*d - 304 = -4*s. What is the units digit of s?
1
Let j = 21 - 15. Let v = 6 + -5. What is the units digit of (-43 + j)/(-2 + v)?
7
Let h(u) = -8*u**2 + 3*u + 15. Let p(b) = -8*b**2 + 4*b + 14. Let t(d) = -3*h(d) + 2*p(d). What is the tens digit of t(-5)?
8
Suppose -18099 = -5*d + 19536. What is the hundreds digit of d?
5
Suppose l - 1295 = -0*i - i, l = -2*i + 2595. Let k = 1884 - i. What is the hundreds digit of k?
5
Suppose -4*z + 18 = 2*i, -2*z = -z - 4*i - 18. Let m be (8/(-24) - 16/z) + 3. Suppose -o + 0*o + 2 = m. What is the units digit of o?
2
Let g be (-1)/(-2) + 17753/(-82). Let b = 413 + g. What is the units digit of b?
7
Suppose 120 = 123*g - 121*g. What is the units digit of ((-968)/3)/(-1) + 20/g?
3
Let a(s) = -2 + 4 + 22*s + 29. Let b(j) = 11*j + 16. Let o(z) = 2*a(z) - 5*b(z). What is the units digit of o(-8)?
0
Suppose -13 = -6*o - 13. Suppose o*s - 20 = 5*s, -2*a = 3*s - 266. What is the units digit of a?
9
What is the ten thousands digit of -3*((-192790)/42 + (-126)/1323)?
1
Let m(g) be the first derivative of -21*g**2/2 + 11*g - 1. Let d be m(-7). What is the tens digit of d/3 + (-2)/(-6)?
5
Let q(u) = 15*u**2 - 14*u - 16. Let p = 93 - 107. Let h be q(p). What is the tens digit of h/(-20)*(-2)/4?
7
Let o(g) = -36*g + 5*g - 96*g + 0*g - 7. What is the units digit of o(-3)?
4
Let d(k) = 592*k + 153. What is the units digit of d(10)?
3
Suppose 60*z - 473172 = 81*z. What is the tens digit of z/(-24) - (-20)/(-24)?
3
Let v(c) = 94*c**3 + 9*c**2 + 27*c - 1. What is the tens digit of v(7)?
7
Let p = 18414 - 11901. What is the hundreds digit of p?
5
Let q = 352 + -347. Suppose 3*v - v - 900 = 2*x, 897 = 2*v - q*x. What is the hundreds digit of v?
4
Suppose 3*g - 6*g + 4*h + 14 = 0, 0 = -5*g + 5*h + 20. Suppose -7*l + 8*l - 319 = 5*m, -1664 = -5*l + g*m. What is the hundreds digit of l?
3
Suppose 0 = 8*n - 136 + 80. Suppose -497 = -0*w - 7*w. Suppose -n*f = w - 1324. What is the tens digit of f?
7
Let h(g) = -738*g - 3284. What is the units digit of h(-10)?
6
Let c(q) be the second derivative of -q**5/20 + 11*q**4/12 - 7*q**3/6 + 9*q**2 + 27*q. Let l be c(10). What is the tens digit of (-17)/((-136)/l)*(-10)/(-3)?
2
Let k(z) be the third derivative of 0 + 0*z - 3/8*z**4 - 5/6*z**3 + 1/6*z**5 - 18*z**2 + 1/120*z**6. What is the hundreds digit of k(-5)?
1
Suppose 91375 = 5*g - 5*n, -n - 108707 = -5*g - 17308. What is the units digit of g?
1
Let s = -23047 + 38753. What is the units digit of s?
6
Let g be -3 + (-19)/((-57)/(-270)). Let r = -90 - g. What is the tens digit of 1436/6 - (8/r)/(-4)?
4
Let n = -23410 + 53772. Suppose 23*u = -1543 + n. What is the hundreds digit of u?
2
Let w(v) = v**3 + 3*v**2 - 9*v + 8. Let s be w(-5). Let t = s - -619. What is the units digit of t?
2
Suppose d - 240 = 332. What is the tens digit of 1*(-5 - 6/6) + d?
6
Let o(j) = 2*j + 24. Let g be o(-8). Let k(y) = 9*y + 33. What is the units digit of k(g)?
5
Let l be ((-16)/6)/((-2)/3). Suppose 0 = c + 4*h - 237 - 127, l*c = h + 1456. Suppose 3*f + 2*f - 3*x = c, 0 = -3*x + 6. What is the tens digit of f?
7
Suppose -119*c = -138*c + 323. Let n(z) = 2*z**2 + 9*z + 7. What is the hundreds digit of n(c)?
7
Let k(c) = -328*c + 7681. What is the thousands digit of k(-10)?
0
Suppose 0 = -29*k + 64*k. What is the hundreds digit of 1287 - (-5 + k + 150/30)?
2
Suppose -10637 = -w - 2*g, 63*g = 67*g + 4. What is the units digit of w?
9
Let i = -796 - -552. Let y = 334 + i. What is the units digit of y?
0
Let g(a) = 214*a**2 + 185*a + 91. What is the tens digit of g(-20)?
9
Let l = 373 - 243. Let k(x) = 19*x + 116. Let v be k(-6). What is the tens digit of 52/l + 539*v/5?
1
Let b = 100 - -13. Let n = -1 - b. Let a = n + 161. What is the tens digit of a?
4
What is the tens digit of (36586/(-3) + 0)*16/32*-3?
9
Suppose -45*i = -50*i + 15*i - 276240. What is the thousands digit of i?
7
Suppose 79*n = 47*n + 22400. What is the units digit of n?
0
Let l be (-4)/(-36) + 1544/36. Let x be l/(-9)*-1 - (-154)/693. Suppose 8*c - 845 = -x*c. What is the units digit of c?
5
Let r = -2676 - -4714. What is the units digit of r?
8
Let s(g) = -4*g - 43. Let m be s(-8). Let o = m - -14. Suppose p - 3*v + 79 = o*p, -p + 42 = -v. What is the tens digit of p?
4
What is the hundreds digit of (-22221)/(-6)*(-135 - -141)?
2
Let m(b) = b**2 - 7*b + 9. Let k be m(9). Let o(q) = 3*q**2 + 6*q + 23. Let i be o(-5). Let v = i - k. What is the tens digit of v?
4
Let b(w) = 101*w - 4. Let d be b(6). Suppose -17685 = 6*y + 39*y. Let u = y + d. What is the hundreds digit of u?
2
Let k(f) = f**3 - 7*f**2 + 9*f - 16. Let q be k(6). Let d be (-1)/q - 16925/50. Let r = d - -501. What is the tens digit of r?
6
Suppose -n - 78*h + 76*h = -10341, 0 = 3*n - 4*h - 31063. What is the ten thousands digit of n?
1
Suppose -5*i - 5*d + 346 = -34, 3*d - 384 = -5*i. Suppose 0 = 20*c - 19*c + i. Let w = -37 - c. What is the tens digit of w?
4
Suppose 15*h + 18619 - 64099 = 0. What is the hundreds digit of h?
0
Let f(u) = u**3 + 61*u**2 - 42*u + 259. What is the units digit of f(-59)?
9
Let n(z) = 80*z - 3. Let o be n(1). Let r = -4 - -20. Suppose r*p - o = 15*p. What is the units digit of p?
7
Let j = 40 + -38. Let u be 0 + (j - 3) + -122. Let c = u - -206. What is the units digit of c?
3
Let o = 633 + -633. Suppose -1264 = -2*r - 2*s, 9 + o = 3*s. What is the units digit of r?
9
Suppose 0 = 5*j - 50 - 0. Suppose -9*o = -j*o + 11. Suppose o*i = 15*i - 884. What is the tens digit of i?
2
Suppose 1314*w - 100400 = 1306*w. What is the hundreds digit of w?
5
Suppose -2*h + 5 = -3. Suppose 163 = -h*u - 9. Let s = u + 90. What is the units digit of s?
7
Suppose -145817 = -21*w + 164395. What is the hundreds digit of w?
7
Let o(w) = w + 3. Let u be o(-3). Suppose 0 = 19*k + 105 - 200. Suppose -x + 60 = 2*f, u*x - 72 = -2*f + k*x. What is the tens digit of f?
3
Suppose -25*u - 324 = -16*u. Let q(y) = -6*y + 230. What is the tens digit of q(u)?
4
Suppose 4*b - 4*j - 4537 = 15751, 4*j - 25315 = -5*b. What is the units digit of b?
7
Suppose 232*h + 10131 = b + 231*h, 0 = -5*h - 15. What is the tens digit of b?
2
Let i = -65 + -38. Let h be -3*1/1 + (i - 7). Let p = h + 203. What is the tens digit of p?
9
Let r = 50798 + -24957. What is the ten thousands digit of r?
2
Let z(u) = -4 - 4 + 2 + 1 - 39*u. Let x be z(-4). Let a = 288 - x. What is the tens digit of a?
3
Let r(b) be the third derivative of b**6/120 - b**5/15 + b**4/3 - b**3/2 - 3*b**2. Let s be (-540)/(-100) + 4/(-10). What is the units digit of r(s)?
2
Suppose -41 = 3*g + 88. Let b = g + 80. What is the tens digit of b?
3
Let w be 3/3 - (-61 - -3 - 0). Let s = 197 - w. What is the units digit of s?
8
What is the units digit of -3 + 4/6 - -3 - 12097/(-3)?
3
Suppose -t + 91 - 87 = 0. Suppose 0 = t*k + 11*k - 7170. What is the tens digit of k?
7
Let s(v) = -v - 1. Let c(x) = 57*x - 239. Let p(n) = c(n) - 6*s(n). What is the tens digit of p(20)?
2
Let l(d) be the first derivative of d**4/4 - 5*d**3/3 + 3*d**2/2 - 4*d + 74. Suppose -2*y = 5*k - 17, 4*y + y = k - 25. What is the units digit of l(k)?
1
Let v be 2*2 + ((-5)/5 - -1840). Let w = 3333 - v. What is the thousands digit of w?
1
Suppose -2*j - 32237 = -5*z, 3*z - 6*j = -8*j + 19339. What is the hundreds digit of z?
4
Let l = -20 - -68. Let u = l - 38. What is the tens digit of 12/5 - 2 - (-186)/u?
1
Let j = 666 - 663. Suppose -r + 2*i + 317 = 0, 3*r - i - 959 = -j*i. What is the units digit of r?
9
Suppose w + 4*s + 153 = s, 0 = s + 1. Let i = w + 560. What is the units digit of i?
0
Let k = -134 - -170. Suppose -4*c - 92 = -k. What is the units digit of (4 - c) + (-5)/1?
3
Suppose -1184289 + 2177407 = 46*p - 2556012. What is the hundreds digit of p?
1
Let q(o) = 48*o - 48. Let v = 136 - 127. What is the units digit of q(v)?
4
What is the tens digit of 5 + (-1 - -3) - 31/(248/(-248304))?
4
Let h(z) = z**2 - 5*z - 6. Let f(j) = 6*j**2 + j + 1. Let n be f(1). Let l be 86/n + -3 + (-52)/(-16). What is the units digit of h(l)?
0
Suppose -6*p + g = -3*p - 22651, 2*g - 37737 = -5*p. What is the hundreds digit of